{"id":1395,"date":"2019-09-17T07:28:18","date_gmt":"2019-09-17T05:28:18","guid":{"rendered":"https:\/\/www.klan-d.net\/?page_id=1395"},"modified":"2026-04-01T10:19:49","modified_gmt":"2026-04-01T08:19:49","slug":"podcasts-audios-et-videos","status":"publish","type":"page","link":"https:\/\/www.klan-d.net\/?page_id=1395","title":{"rendered":"Grille de Programmes"},"content":{"rendered":"\n<hr class=\"wp-block-separator has-css-opacity\"\/>\n\n\n\n<figure class=\"wp-block-image size-large is-resized is-style-default\"><img loading=\"lazy\" decoding=\"async\" width=\"842\" height=\"842\" src=\"https:\/\/www.klan-d.net\/wp-content\/uploads\/grilledeter.jpg\" alt=\"\" class=\"wp-image-1726\" srcset=\"https:\/\/www.klan-d.net\/wp-content\/uploads\/grilledeter.jpg 842w, https:\/\/www.klan-d.net\/wp-content\/uploads\/grilledeter-300x300.jpg 300w, https:\/\/www.klan-d.net\/wp-content\/uploads\/grilledeter-150x150.jpg 150w, https:\/\/www.klan-d.net\/wp-content\/uploads\/grilledeter-768x768.jpg 768w, https:\/\/www.klan-d.net\/wp-content\/uploads\/grilledeter-160x160.jpg 160w, https:\/\/www.klan-d.net\/wp-content\/uploads\/grilledeter-320x320.jpg 320w\" sizes=\"auto, (max-width: 842px) 100vw, 842px\" \/><figcaption class=\"wp-element-caption\"><strong>Retrouvez ici notre grille de programmes !<\/strong><\/figcaption><\/figure>\n\n\n\n<hr class=\"wp-block-separator has-css-opacity\"\/>\n\n\n\n<hr class=\"wp-block-separator has-alpha-channel-opacity\"\/>\n\n\n\n<p class=\"has-text-align-center has-large-font-size\"><strong>Lundi<\/strong><\/p>\n\n\n\n<p class=\"has-text-align-center\"><strong>18h30<\/strong> : <strong>Le Ch\u00e2teau Blanc<\/strong><\/p>\n\n\n<div class=\"wp-block-image\">\n<figure class=\"aligncenter size-full\"><img loading=\"lazy\" decoding=\"async\" width=\"250\" height=\"250\" src=\"https:\/\/www.klan-d.net\/wp-content\/uploads\/2016\/09\/chateau-blanc-e1553139541426.png\" alt=\"\" class=\"wp-image-51\"\/><\/figure>\n<\/div>\n\n\n<p>L&rsquo;\u00e9quipe deter et pas deker du white castle envoie ses coups d&rsquo;coeurs, nouveaut\u00e9s, oldies, chroniques dans la bonne humeur et le bon son ! C&rsquo;est limite trop court. <\/p>\n\n\n\n<hr class=\"wp-block-separator has-alpha-channel-opacity\"\/>\n\n\n\n<p><\/p>\n\n\n\n<p class=\"has-text-align-center\"><strong>20h<\/strong> : <strong>The Ronsha Mix<\/strong> (\u00e9pisode al\u00e9atoire)<\/p>\n\n\n<div class=\"wp-block-image\">\n<figure class=\"aligncenter size-large is-resized\"><img loading=\"lazy\" decoding=\"async\" width=\"1024\" height=\"371\" src=\"https:\/\/www.klan-d.net\/wp-content\/uploads\/ronsha-banniere-1024x371.png\" alt=\"\" class=\"wp-image-1819\" style=\"aspect-ratio:2.7601313425711678;width:580px;height:auto\" srcset=\"https:\/\/www.klan-d.net\/wp-content\/uploads\/ronsha-banniere-1024x371.png 1024w, https:\/\/www.klan-d.net\/wp-content\/uploads\/ronsha-banniere-300x109.png 300w, https:\/\/www.klan-d.net\/wp-content\/uploads\/ronsha-banniere-768x279.png 768w, https:\/\/www.klan-d.net\/wp-content\/uploads\/ronsha-banniere.png 1500w\" sizes=\"auto, (max-width: 1024px) 100vw, 1024px\" \/><\/figure>\n<\/div>\n\n\n<p>20h pile, hommage hebdomadaire au tr\u00e8s regrett\u00e9 DJ Ronsha, qui nous a quitt\u00e9 en 2025. <\/p>\n\n\n\n<p>On rediff en mode al\u00e9atoire plein d&rsquo;\u00e9pisodes, afin de ne jamais oublier ce grand artiste tr\u00e8s humain qui a tant aid\u00e9 \u00e0 faire d\u00e9couvrir un paquet de talents, avec des mix calibr\u00e9s et kiffants. <\/p>\n\n\n\n<hr class=\"wp-block-separator has-alpha-channel-opacity\"\/>\n\n\n\n<hr class=\"wp-block-separator has-alpha-channel-opacity\"\/>\n\n\n\n<p class=\"has-text-align-center has-large-font-size\"><strong>Mardi<\/strong><\/p>\n\n\n\n<p class=\"has-text-align-center\"><strong>20h<\/strong> : <strong>FrenchInvazion<\/strong> par <em>ShortSam<\/em><\/p>\n\n\n<div class=\"wp-block-image\">\n<figure class=\"aligncenter size-full is-resized\"><img loading=\"lazy\" decoding=\"async\" width=\"1000\" height=\"1000\" src=\"https:\/\/www.klan-d.net\/wp-content\/uploads\/new-vanilla.jpg\" alt=\"\" class=\"wp-image-2083\" style=\"width:368px;height:auto\" srcset=\"https:\/\/www.klan-d.net\/wp-content\/uploads\/\/new-vanilla.jpg 1000w, https:\/\/www.klan-d.net\/wp-content\/uploads\/\/new-vanilla-300x300.jpg 300w, https:\/\/www.klan-d.net\/wp-content\/uploads\/\/new-vanilla-150x150.jpg 150w, https:\/\/www.klan-d.net\/wp-content\/uploads\/\/new-vanilla-768x768.jpg 768w, https:\/\/www.klan-d.net\/wp-content\/uploads\/\/new-vanilla-160x160.jpg 160w, https:\/\/www.klan-d.net\/wp-content\/uploads\/\/new-vanilla-320x320.jpg 320w\" sizes=\"auto, (max-width: 1000px) 100vw, 1000px\" \/><\/figure>\n<\/div>\n\n\n<p>Stand-By pour raison de sant\u00e9 en ce moment&#8230; respect Short Sam ! FrenchInvazion, c&rsquo;est du rap FR 100%, old, new, du moment que c&rsquo;est du bon !<\/p>\n\n\n\n<hr class=\"wp-block-separator has-alpha-channel-opacity\"\/>\n\n\n\n<p class=\"has-text-align-center\"><strong>21h<\/strong> : <strong>Mixtape Addict Show<\/strong> par <em>DJ King Flow<\/em><\/p>\n\n\n<div class=\"wp-block-image\">\n<figure class=\"aligncenter size-full is-resized\"><img loading=\"lazy\" decoding=\"async\" width=\"1024\" height=\"1024\" src=\"https:\/\/www.klan-d.net\/wp-content\/uploads\/flyer-general.jpg\" alt=\"\" class=\"wp-image-2109\" style=\"width:343px;height:auto\" srcset=\"https:\/\/www.klan-d.net\/wp-content\/uploads\/flyer-general.jpg 1024w, https:\/\/www.klan-d.net\/wp-content\/uploads\/flyer-general-300x300.jpg 300w, https:\/\/www.klan-d.net\/wp-content\/uploads\/flyer-general-150x150.jpg 150w, https:\/\/www.klan-d.net\/wp-content\/uploads\/flyer-general-768x768.jpg 768w, https:\/\/www.klan-d.net\/wp-content\/uploads\/flyer-general-160x160.jpg 160w, https:\/\/www.klan-d.net\/wp-content\/uploads\/flyer-general-320x320.jpg 320w\" sizes=\"auto, (max-width: 1024px) 100vw, 1024px\" \/><\/figure>\n<\/div>\n\n\n<p>DJ King Flow, avec son dor\u00e9navant incontournable rendez-vous hebdo, new tracks, new tueries du moment, et on conclu chaque semaine par l&rsquo;interview d&rsquo;un artiste qui claque !<\/p>\n\n\n\n<p><\/p>\n\n\n\n<hr class=\"wp-block-separator has-alpha-channel-opacity\"\/>\n\n\n\n<hr class=\"wp-block-separator has-alpha-channel-opacity\"\/>\n\n\n\n<p class=\"has-text-align-center has-large-font-size\"><strong>Mercredi<\/strong><\/p>\n\n\n\n<p>En cours de prog, y&rsquo;a un retour de globalement pr\u00e9vu&#8230;. Stay Tuned !<\/p>\n\n\n\n<hr class=\"wp-block-separator has-alpha-channel-opacity\"\/>\n\n\n\n<hr class=\"wp-block-separator has-alpha-channel-opacity\"\/>\n\n\n\n<p class=\"has-text-align-center has-large-font-size\"><strong>Jeudi<\/strong><\/p>\n\n\n\n<p class=\"has-text-align-center\"><strong>20h30<\/strong> (al\u00e9atoire pour le moment) : <strong>Le Mac Baret Show<\/strong><\/p>\n\n\n<div class=\"wp-block-image\">\n<figure class=\"aligncenter size-full\"><img loading=\"lazy\" decoding=\"async\" width=\"277\" height=\"277\" src=\"https:\/\/www.klan-d.net\/wp-content\/uploads\/MBS-Vign.png\" alt=\"Mac Baret Show\" class=\"wp-image-1002\" srcset=\"https:\/\/www.klan-d.net\/wp-content\/uploads\/MBS-Vign.png 277w, https:\/\/www.klan-d.net\/wp-content\/uploads\/MBS-Vign-150x150.png 150w, https:\/\/www.klan-d.net\/wp-content\/uploads\/MBS-Vign-160x160.png 160w\" sizes=\"auto, (max-width: 277px) 100vw, 277px\" \/><\/figure>\n<\/div>\n\n\n<hr class=\"wp-block-separator has-alpha-channel-opacity\"\/>\n\n\n\n<hr class=\"wp-block-separator has-alpha-channel-opacity\"\/>\n\n\n\n<p class=\"has-text-align-center has-large-font-size\"><strong>Vendredi<\/strong> <\/p>\n\n\n\n<p class=\"has-text-align-center\"><strong>20h<\/strong> : <strong>Mixtape Addict Show Hors-S\u00e9rie<\/strong> par <em>DJ King Flow<\/em><\/p>\n\n\n<div class=\"wp-block-image\">\n<figure class=\"aligncenter size-full is-resized\"><img loading=\"lazy\" decoding=\"async\" width=\"2560\" height=\"2560\" src=\"https:\/\/www.klan-d.net\/wp-content\/uploads\/MAS-HS-76.jpg\" alt=\"\" class=\"wp-image-2119\" style=\"width:381px;height:auto\" srcset=\"https:\/\/www.klan-d.net\/wp-content\/uploads\/MAS-HS-76.jpg 2560w, https:\/\/www.klan-d.net\/wp-content\/uploads\/MAS-HS-76-300x300.jpg 300w, https:\/\/www.klan-d.net\/wp-content\/uploads\/MAS-HS-76-1024x1024.jpg 1024w, https:\/\/www.klan-d.net\/wp-content\/uploads\/MAS-HS-76-150x150.jpg 150w, https:\/\/www.klan-d.net\/wp-content\/uploads\/MAS-HS-76-768x768.jpg 768w, https:\/\/www.klan-d.net\/wp-content\/uploads\/MAS-HS-76-1536x1536.jpg 1536w, https:\/\/www.klan-d.net\/wp-content\/uploads\/MAS-HS-76-2048x2048.jpg 2048w, https:\/\/www.klan-d.net\/wp-content\/uploads\/MAS-HS-76-160x160.jpg 160w, https:\/\/www.klan-d.net\/wp-content\/uploads\/MAS-HS-76-320x320.jpg 320w\" sizes=\"auto, (max-width: 2560px) 100vw, 2560px\" \/><\/figure>\n<\/div>\n\n\n<p>Tellement productif, DJ King Flow fait p\u00e9ter chaque semaine un Hors-S\u00e9rie 100% zique, avec que des tracks de feu !! Un heure de mix vener, rien de tel pour le vendredi soir&#8230;<\/p>\n\n\n\n<p><\/p>\n\n\n\n<hr class=\"wp-block-separator has-alpha-channel-opacity\"\/>\n\n\n\n<p class=\"has-text-align-center\"><strong>21h : DJ Nickeul&rsquo;s Mix Madness<\/strong> (bien s\u00fbr, c&rsquo;est <em>THE BIG NICKEULS<\/em> !)<\/p>\n\n\n<div class=\"wp-block-image\">\n<figure class=\"aligncenter size-full is-resized\"><img loading=\"lazy\" decoding=\"async\" width=\"729\" height=\"492\" src=\"https:\/\/www.klan-d.net\/wp-content\/uploads\/logo-final-nickeuls.jpg\" alt=\"\" class=\"wp-image-2133\" style=\"width:440px;height:auto\" srcset=\"https:\/\/www.klan-d.net\/wp-content\/uploads\/logo-final-nickeuls.jpg 729w, https:\/\/www.klan-d.net\/wp-content\/uploads\/logo-final-nickeuls-300x202.jpg 300w\" sizes=\"auto, (max-width: 729px) 100vw, 729px\" \/><\/figure>\n<\/div>\n\n\n<p>On roule ensemble depuis une bonne d\u00e9cennie, et, bon sang, un des tr\u00e8s rares DJ que nous classons dans \u00ab\u00a0VRAIMENT talentueux et deter\u00a0\u00bb. DJ Nickeul&rsquo;s, c&rsquo;est la culture HH incarn\u00e9e. Deux \u00e9pisodes al\u00e9atoires tous les vendredi \u00e0 21h gros !<\/p>\n\n\n\n<hr class=\"wp-block-separator has-alpha-channel-opacity\"\/>\n\n\n\n<hr class=\"wp-block-separator has-alpha-channel-opacity\"\/>\n\n\n\n<p class=\"has-text-align-center has-large-font-size\"><strong>Samedi<\/strong><\/p>\n\n\n\n<p class=\"has-text-align-center\"><strong>15h<\/strong> : <strong>LartistOnTheMix Show<\/strong> par <em>DJ LOTMIX<\/em><\/p>\n\n\n<div class=\"wp-block-image\">\n<figure class=\"aligncenter size-full is-resized\"><img loading=\"lazy\" decoding=\"async\" width=\"1024\" height=\"1024\" src=\"https:\/\/www.klan-d.net\/wp-content\/uploads\/Logo-general.jpg\" alt=\"\" class=\"wp-image-2111\" style=\"width:478px;height:auto\" srcset=\"https:\/\/www.klan-d.net\/wp-content\/uploads\/Logo-general.jpg 1024w, https:\/\/www.klan-d.net\/wp-content\/uploads\/Logo-general-300x300.jpg 300w, https:\/\/www.klan-d.net\/wp-content\/uploads\/Logo-general-150x150.jpg 150w, https:\/\/www.klan-d.net\/wp-content\/uploads\/Logo-general-768x768.jpg 768w, https:\/\/www.klan-d.net\/wp-content\/uploads\/Logo-general-160x160.jpg 160w, https:\/\/www.klan-d.net\/wp-content\/uploads\/Logo-general-320x320.jpg 320w\" sizes=\"auto, (max-width: 1024px) 100vw, 1024px\" \/><\/figure>\n<\/div>\n\n\n<p>Ladies love him !! LOTMix envoie chaque semaine un mix vener et bien tonique, pire qu&rsquo;l&rsquo;schweppes, et une fois par mois, une sp\u00e9cial Rap FR !<\/p>\n\n\n\n<p>Le rendez-vous du samedi aprem qui p\u00e8te sa m\u00e8re, et rend les femmes folles !<\/p>\n\n\n\n<hr class=\"wp-block-separator has-alpha-channel-opacity\"\/>\n\n\n\n<p class=\"has-text-align-center\"><strong>20h30<\/strong> : <strong>The Phoenixx Show Flamin&rsquo; Hip-Hop<\/strong> par <em>DJ Phoenixx<\/em><\/p>\n\n\n<div class=\"wp-block-image\">\n<figure class=\"aligncenter size-large is-resized\"><img loading=\"lazy\" decoding=\"async\" width=\"968\" height=\"1024\" src=\"https:\/\/www.klan-d.net\/wp-content\/uploads\/Ultime-Logo-968x1024.jpg\" alt=\"\" class=\"wp-image-2129\" style=\"width:509px;height:auto\" srcset=\"https:\/\/www.klan-d.net\/wp-content\/uploads\/Ultime-Logo-968x1024.jpg 968w, https:\/\/www.klan-d.net\/wp-content\/uploads\/Ultime-Logo-283x300.jpg 283w, https:\/\/www.klan-d.net\/wp-content\/uploads\/Ultime-Logo-768x813.jpg 768w, https:\/\/www.klan-d.net\/wp-content\/uploads\/Ultime-Logo.jpg 1079w\" sizes=\"auto, (max-width: 968px) 100vw, 968px\" \/><\/figure>\n<\/div>\n\n\n<p>Apr\u00e8s avoir cram\u00e9 la chaine Youtube ainsi que la radio avec ses mix en direct veners l&rsquo;ann\u00e9e derni\u00e8re, avec la reprise de Klan-D, on reprend bien \u00e9videmment le talentueux DJ le plus peace du monde, DJ Phoenixx !<\/p>\n\n\n\n<p>Old, new, toutes les schools, y&rsquo;en a pour tout le monde afin de bouger la t\u00eate !<\/p>\n\n\n\n<hr class=\"wp-block-separator has-alpha-channel-opacity\"\/>\n\n\n\n<hr class=\"wp-block-separator has-alpha-channel-opacity\"\/>\n\n\n\n<p class=\"has-text-align-center has-large-font-size\"><strong>Dimanche<\/strong><\/p>\n\n\n\n<p class=\"has-text-align-center\"><strong>15h<\/strong> (une fois par mois) : <strong>Radio K.J.B<\/strong>, l&rsquo;\u00e9mission Kulturelle !<\/p>\n\n\n<div class=\"wp-block-image\">\n<figure class=\"aligncenter size-full is-resized\"><img loading=\"lazy\" decoding=\"async\" width=\"1655\" height=\"2048\" src=\"https:\/\/www.klan-d.net\/wp-content\/uploads\/logo-gen.jpg\" alt=\"\" class=\"wp-image-2122\" style=\"aspect-ratio:0.8081072084593168;width:284px;height:auto\" srcset=\"https:\/\/www.klan-d.net\/wp-content\/uploads\/logo-gen.jpg 1655w, https:\/\/www.klan-d.net\/wp-content\/uploads\/logo-gen-242x300.jpg 242w, https:\/\/www.klan-d.net\/wp-content\/uploads\/logo-gen-828x1024.jpg 828w, https:\/\/www.klan-d.net\/wp-content\/uploads\/logo-gen-768x950.jpg 768w, https:\/\/www.klan-d.net\/wp-content\/uploads\/logo-gen-1241x1536.jpg 1241w\" sizes=\"auto, (max-width: 1655px) 100vw, 1655px\" \/><\/figure>\n<\/div>\n\n\n<p>Et ouais, chez klan-D, on est pas que des blaireaux inkultes, on a m\u00eame une \u00e9mission Kul-Ture ! KJB, c&rsquo;est une plong\u00e9e dans les bouquins, les festivals divers et pas avari\u00e9s, bref, tout type de kulture permettant de s&rsquo;ouvrir l&rsquo;esprit et les esgourdes !<\/p>\n\n\n\n<p>L&rsquo;\u00e9quipe de choc vous propose une \u00e9mission par mois, \u00e0 ne pas louper, bien entendu. <\/p>\n\n\n\n<hr class=\"wp-block-separator has-alpha-channel-opacity\"\/>\n\n\n\n<p class=\"has-text-align-center\"><strong>16h30<\/strong> (r\u00e9guli\u00e8rement!) : <strong>Les Freestyles du Ch\u00e2teau Blanc<\/strong><\/p>\n\n\n<div class=\"wp-block-image\">\n<figure class=\"aligncenter size-full is-resized\"><img loading=\"lazy\" decoding=\"async\" width=\"250\" height=\"250\" src=\"https:\/\/www.klan-d.net\/wp-content\/uploads\/2016\/09\/chateau-blanc250px.jpg\" alt=\"Ch\u00e2teau Blanc\" class=\"wp-image-41\" style=\"width:329px;height:auto\" srcset=\"https:\/\/www.klan-d.net\/wp-content\/uploads\/2016\/09\/chateau-blanc250px.jpg 250w, https:\/\/www.klan-d.net\/wp-content\/uploads\/2016\/09\/chateau-blanc250px-150x150.jpg 150w\" sizes=\"auto, (max-width: 250px) 100vw, 250px\" \/><\/figure>\n<\/div>\n\n\n<p>Une fois par mois globalement, DJ Goldenshower re\u00e7oit des rappeurs deters pour des freestyles qui claquent. Ambiance dans le stud, punchlines, les freestyles du Chateau Blanc !<\/p>\n\n\n\n<p><\/p>\n\n\n\n<hr class=\"wp-block-separator has-alpha-channel-opacity\"\/>\n","protected":false},"excerpt":{"rendered":"<p>Grille compl\u00e8te des shows sur Klan-D, et promis, on oubliera plus de diffuser !<\/p>\n","protected":false},"author":1,"featured_media":1726,"parent":0,"menu_order":0,"comment_status":"closed","ping_status":"closed","template":"","meta":{"footnotes":""},"class_list":["post-1395","page","type-page","status-publish","has-post-thumbnail","hentry"],"yoast_head":"<!-- This site is optimized with the Yoast SEO plugin v27.3 - https:\/\/yoast.com\/product\/yoast-seo-wordpress\/ -->\n<title>Grille de Programmes &#8226; Radio Klan-D<\/title>\n<meta name=\"description\" content=\"Retrouvez ici toute la grille de programmes des kland\u00e9s !\" \/>\n<meta name=\"robots\" content=\"index, follow, max-snippet:-1, max-image-preview:large, max-video-preview:-1\" \/>\n<link rel=\"canonical\" href=\"https:\/\/www.klan-d.net\/?page_id=1395\" \/>\n<meta property=\"og:locale\" content=\"fr_FR\" \/>\n<meta property=\"og:type\" content=\"article\" \/>\n<meta property=\"og:title\" content=\"Klan-D - Grille des programmes\" \/>\n<meta property=\"og:description\" content=\"A part la rotation 24\/7, y&#039;a aussi des \u00e9missions. Et en plus, on oublie pas de programmer !\" \/>\n<meta property=\"og:url\" content=\"https:\/\/www.klan-d.net\/?page_id=1395\" \/>\n<meta property=\"og:site_name\" content=\"Radio Klan-D\" \/>\n<meta property=\"article:publisher\" content=\"https:\/\/www.facebook.com\/radioclandestine\/\" \/>\n<meta property=\"article:modified_time\" content=\"2026-04-01T08:19:49+00:00\" \/>\n<meta property=\"og:image\" content=\"https:\/\/www.klan-d.net\/wp-content\/uploads\/grilledeter.jpg\" \/>\n\t<meta property=\"og:image:width\" content=\"842\" \/>\n\t<meta property=\"og:image:height\" content=\"842\" \/>\n\t<meta property=\"og:image:type\" content=\"image\/jpeg\" \/>\n<meta name=\"twitter:card\" content=\"summary_large_image\" \/>\n<meta name=\"twitter:site\" content=\"@RadioKlanD\" \/>\n<meta name=\"twitter:label1\" content=\"Dur\u00e9e de lecture estim\u00e9e\" \/>\n\t<meta name=\"twitter:data1\" content=\"3 minutes\" \/>\n<script type=\"application\/ld+json\" class=\"yoast-schema-graph\">{\"@context\":\"https:\\\/\\\/schema.org\",\"@graph\":[{\"@type\":\"WebPage\",\"@id\":\"https:\\\/\\\/www.klan-d.net\\\/?page_id=1395\",\"url\":\"https:\\\/\\\/www.klan-d.net\\\/?page_id=1395\",\"name\":\"Grille de Programmes &#8226; Radio Klan-D\",\"isPartOf\":{\"@id\":\"https:\\\/\\\/www.klan-d.net\\\/#website\"},\"primaryImageOfPage\":{\"@id\":\"https:\\\/\\\/www.klan-d.net\\\/?page_id=1395#primaryimage\"},\"image\":{\"@id\":\"https:\\\/\\\/www.klan-d.net\\\/?page_id=1395#primaryimage\"},\"thumbnailUrl\":\"https:\\\/\\\/www.klan-d.net\\\/wp-content\\\/uploads\\\/grilledeter.jpg\",\"datePublished\":\"2019-09-17T05:28:18+00:00\",\"dateModified\":\"2026-04-01T08:19:49+00:00\",\"description\":\"Retrouvez ici toute la grille de programmes des kland\u00e9s !\",\"breadcrumb\":{\"@id\":\"https:\\\/\\\/www.klan-d.net\\\/?page_id=1395#breadcrumb\"},\"inLanguage\":\"fr-FR\",\"potentialAction\":[{\"@type\":\"ReadAction\",\"target\":[\"https:\\\/\\\/www.klan-d.net\\\/?page_id=1395\"]}]},{\"@type\":\"ImageObject\",\"inLanguage\":\"fr-FR\",\"@id\":\"https:\\\/\\\/www.klan-d.net\\\/?page_id=1395#primaryimage\",\"url\":\"https:\\\/\\\/www.klan-d.net\\\/wp-content\\\/uploads\\\/grilledeter.jpg\",\"contentUrl\":\"https:\\\/\\\/www.klan-d.net\\\/wp-content\\\/uploads\\\/grilledeter.jpg\",\"width\":842,\"height\":842},{\"@type\":\"BreadcrumbList\",\"@id\":\"https:\\\/\\\/www.klan-d.net\\\/?page_id=1395#breadcrumb\",\"itemListElement\":[{\"@type\":\"ListItem\",\"position\":1,\"name\":\"Accueil\",\"item\":\"https:\\\/\\\/www.klan-d.net\\\/\"},{\"@type\":\"ListItem\",\"position\":2,\"name\":\"Grille de Programmes\"}]},{\"@type\":\"WebSite\",\"@id\":\"https:\\\/\\\/www.klan-d.net\\\/#website\",\"url\":\"https:\\\/\\\/www.klan-d.net\\\/\",\"name\":\"Radio Klan-D\",\"description\":\"Webradio clandestine et ind\u00e9, partout, du old school hip hop, du boom bap et des vannes pourries !\",\"publisher\":{\"@id\":\"https:\\\/\\\/www.klan-d.net\\\/#organization\"},\"potentialAction\":[{\"@type\":\"SearchAction\",\"target\":{\"@type\":\"EntryPoint\",\"urlTemplate\":\"https:\\\/\\\/www.klan-d.net\\\/?s={search_term_string}\"},\"query-input\":{\"@type\":\"PropertyValueSpecification\",\"valueRequired\":true,\"valueName\":\"search_term_string\"}}],\"inLanguage\":\"fr-FR\"},{\"@type\":\"Organization\",\"@id\":\"https:\\\/\\\/www.klan-d.net\\\/#organization\",\"name\":\"Radio Klan-D\",\"url\":\"https:\\\/\\\/www.klan-d.net\\\/\",\"logo\":{\"@type\":\"ImageObject\",\"inLanguage\":\"fr-FR\",\"@id\":\"https:\\\/\\\/www.klan-d.net\\\/#\\\/schema\\\/logo\\\/image\\\/\",\"url\":\"https:\\\/\\\/www.klan-d.net\\\/wp-content\\\/uploads\\\/cropped-kland4.jpg\",\"contentUrl\":\"https:\\\/\\\/www.klan-d.net\\\/wp-content\\\/uploads\\\/cropped-kland4.jpg\",\"width\":512,\"height\":512,\"caption\":\"Radio Klan-D\"},\"image\":{\"@id\":\"https:\\\/\\\/www.klan-d.net\\\/#\\\/schema\\\/logo\\\/image\\\/\"},\"sameAs\":[\"https:\\\/\\\/www.facebook.com\\\/radioclandestine\\\/\",\"https:\\\/\\\/x.com\\\/RadioKlanD\",\"https:\\\/\\\/www.youtube.com\\\/channel\\\/UC2QoBtfYHnl9oWoPlvmaAEg\"]}]}<\/script>\n<!-- \/ Yoast SEO plugin. -->","yoast_head_json":{"title":"Grille de Programmes &#8226; Radio Klan-D","description":"Retrouvez ici toute la grille de programmes des kland\u00e9s !","robots":{"index":"index","follow":"follow","max-snippet":"max-snippet:-1","max-image-preview":"max-image-preview:large","max-video-preview":"max-video-preview:-1"},"canonical":"https:\/\/www.klan-d.net\/?page_id=1395","og_locale":"fr_FR","og_type":"article","og_title":"Klan-D - Grille des programmes","og_description":"A part la rotation 24\/7, y'a aussi des \u00e9missions. Et en plus, on oublie pas de programmer !","og_url":"https:\/\/www.klan-d.net\/?page_id=1395","og_site_name":"Radio Klan-D","article_publisher":"https:\/\/www.facebook.com\/radioclandestine\/","article_modified_time":"2026-04-01T08:19:49+00:00","og_image":[{"width":842,"height":842,"url":"https:\/\/www.klan-d.net\/wp-content\/uploads\/grilledeter.jpg","type":"image\/jpeg"}],"twitter_card":"summary_large_image","twitter_site":"@RadioKlanD","twitter_misc":{"Dur\u00e9e de lecture estim\u00e9e":"3 minutes"},"schema":{"@context":"https:\/\/schema.org","@graph":[{"@type":"WebPage","@id":"https:\/\/www.klan-d.net\/?page_id=1395","url":"https:\/\/www.klan-d.net\/?page_id=1395","name":"Grille de Programmes &#8226; Radio Klan-D","isPartOf":{"@id":"https:\/\/www.klan-d.net\/#website"},"primaryImageOfPage":{"@id":"https:\/\/www.klan-d.net\/?page_id=1395#primaryimage"},"image":{"@id":"https:\/\/www.klan-d.net\/?page_id=1395#primaryimage"},"thumbnailUrl":"https:\/\/www.klan-d.net\/wp-content\/uploads\/grilledeter.jpg","datePublished":"2019-09-17T05:28:18+00:00","dateModified":"2026-04-01T08:19:49+00:00","description":"Retrouvez ici toute la grille de programmes des kland\u00e9s !","breadcrumb":{"@id":"https:\/\/www.klan-d.net\/?page_id=1395#breadcrumb"},"inLanguage":"fr-FR","potentialAction":[{"@type":"ReadAction","target":["https:\/\/www.klan-d.net\/?page_id=1395"]}]},{"@type":"ImageObject","inLanguage":"fr-FR","@id":"https:\/\/www.klan-d.net\/?page_id=1395#primaryimage","url":"https:\/\/www.klan-d.net\/wp-content\/uploads\/grilledeter.jpg","contentUrl":"https:\/\/www.klan-d.net\/wp-content\/uploads\/grilledeter.jpg","width":842,"height":842},{"@type":"BreadcrumbList","@id":"https:\/\/www.klan-d.net\/?page_id=1395#breadcrumb","itemListElement":[{"@type":"ListItem","position":1,"name":"Accueil","item":"https:\/\/www.klan-d.net\/"},{"@type":"ListItem","position":2,"name":"Grille de Programmes"}]},{"@type":"WebSite","@id":"https:\/\/www.klan-d.net\/#website","url":"https:\/\/www.klan-d.net\/","name":"Radio Klan-D","description":"Webradio clandestine et ind\u00e9, partout, du old school hip hop, du boom bap et des vannes pourries !","publisher":{"@id":"https:\/\/www.klan-d.net\/#organization"},"potentialAction":[{"@type":"SearchAction","target":{"@type":"EntryPoint","urlTemplate":"https:\/\/www.klan-d.net\/?s={search_term_string}"},"query-input":{"@type":"PropertyValueSpecification","valueRequired":true,"valueName":"search_term_string"}}],"inLanguage":"fr-FR"},{"@type":"Organization","@id":"https:\/\/www.klan-d.net\/#organization","name":"Radio Klan-D","url":"https:\/\/www.klan-d.net\/","logo":{"@type":"ImageObject","inLanguage":"fr-FR","@id":"https:\/\/www.klan-d.net\/#\/schema\/logo\/image\/","url":"https:\/\/www.klan-d.net\/wp-content\/uploads\/cropped-kland4.jpg","contentUrl":"https:\/\/www.klan-d.net\/wp-content\/uploads\/cropped-kland4.jpg","width":512,"height":512,"caption":"Radio Klan-D"},"image":{"@id":"https:\/\/www.klan-d.net\/#\/schema\/logo\/image\/"},"sameAs":["https:\/\/www.facebook.com\/radioclandestine\/","https:\/\/x.com\/RadioKlanD","https:\/\/www.youtube.com\/channel\/UC2QoBtfYHnl9oWoPlvmaAEg"]}]}},"_links":{"self":[{"href":"https:\/\/www.klan-d.net\/index.php?rest_route=\/wp\/v2\/pages\/1395","targetHints":{"allow":["GET"]}}],"collection":[{"href":"https:\/\/www.klan-d.net\/index.php?rest_route=\/wp\/v2\/pages"}],"about":[{"href":"https:\/\/www.klan-d.net\/index.php?rest_route=\/wp\/v2\/types\/page"}],"author":[{"embeddable":true,"href":"https:\/\/www.klan-d.net\/index.php?rest_route=\/wp\/v2\/users\/1"}],"replies":[{"embeddable":true,"href":"https:\/\/www.klan-d.net\/index.php?rest_route=%2Fwp%2Fv2%2Fcomments&post=1395"}],"version-history":[{"count":20,"href":"https:\/\/www.klan-d.net\/index.php?rest_route=\/wp\/v2\/pages\/1395\/revisions"}],"predecessor-version":[{"id":2136,"href":"https:\/\/www.klan-d.net\/index.php?rest_route=\/wp\/v2\/pages\/1395\/revisions\/2136"}],"wp:featuredmedia":[{"embeddable":true,"href":"https:\/\/www.klan-d.net\/index.php?rest_route=\/wp\/v2\/media\/1726"}],"wp:attachment":[{"href":"https:\/\/www.klan-d.net\/index.php?rest_route=%2Fwp%2Fv2%2Fmedia&parent=1395"}],"curies":[{"name":"wp","href":"https:\/\/api.w.org\/{rel}","templated":true}]}}