{"id":1123,"date":"2019-03-21T04:11:56","date_gmt":"2019-03-21T03:11:56","guid":{"rendered":"https:\/\/www.klan-d.net\/?page_id=1123"},"modified":"2019-10-03T02:45:58","modified_gmt":"2019-10-03T00:45:58","slug":"le-monde-de-snatch-saison-2","status":"publish","type":"page","link":"https:\/\/www.klan-d.net\/?page_id=1123","title":{"rendered":"Le Monde de Snatch-Saison 2"},"content":{"rendered":"\n<div class=\"wp-block-image\"><figure class=\"aligncenter\"><img loading=\"lazy\" decoding=\"async\" width=\"250\" height=\"227\" src=\"https:\/\/www.klan-d.net\/wp-content\/uploads\/2016\/09\/monde-snatch250px.jpg\" alt=\"\" class=\"wp-image-43\" srcset=\"https:\/\/www.klan-d.net\/wp-content\/uploads\/2016\/09\/monde-snatch250px.jpg 250w, https:\/\/www.klan-d.net\/wp-content\/uploads\/2016\/09\/monde-snatch250px-165x150.jpg 165w, https:\/\/www.klan-d.net\/wp-content\/uploads\/2016\/09\/monde-snatch250px-150x136.jpg 150w\" sizes=\"auto, (max-width: 250px) 100vw, 250px\" \/><\/figure><\/div>\n\n\n<p>Le Monde de Snatch, tous les mercredi \u00e0 21h, c&rsquo;est le rendez-vous de la tchatche, des anti-syst\u00e8mes, de la gouaille et du bagout&#8230; Avec Snatch, le seul l&rsquo;unique, bien qu&rsquo;il ne doive pas \u00eatre tout seul dans sa t\u00eate.<\/p>\n<h2 style=\"text-align: center;\"><a href=\"https:\/\/www.klan-d.net\/?page_id=91\">Saison 1<\/a> &#8211; Saison 2<\/h2>\n<hr \/>\n\n\n<figure class=\"wp-block-embed-mixcloud wp-block-embed is-type-rich is-provider-mixcloud wp-embed-aspect-21-9 wp-has-aspect-ratio\"><div class=\"wp-block-embed__wrapper\">\n<iframe loading=\"lazy\" title=\"Le Monde De Snatch S02e05 Unissons Les Clans ! Mercredi 27 F\u00e9vrier 2019\" width=\"100%\" height=\"120\" src=\"https:\/\/www.mixcloud.com\/widget\/iframe\/?feed=https%3A%2F%2Fwww.mixcloud.com%2FRadio_Klan_D%2Fle-monde-de-snatch-s02e05-unissons-les-clans-mercredi-27-f%25C3%25A9vrier-2019%2F&amp;hide_cover=1\" frameborder=\"0\" allow=\"encrypted-media; fullscreen; autoplay; idle-detection; speaker-selection; web-share;\"><\/iframe>\n<\/div><figcaption> Cette semaine le Snatch revient avec une playlist qu&rsquo;il nomme de  lui-m\u00eame \u00ab\u00a0P\u00e9pouze\u00a0\u00bb(Tout est relatif) mais comme un tic plus fort que lui  , sa verve engag\u00e9e et incisive improvis\u00e9e reprend le dessus sur sa  s\u00e9lecta pos\u00e9e aux petits oignons, le message est clair \u00ab\u00a0unissons les  clans\u00a0\u00bb et \u00ab\u00a0prenons le droit de dire merde, cessez de nous faire chier\u00a0\u00bb ,  le tout ensemble ,\u00e7a c&rsquo;est le Snatch de Klan-d ! 2h30 de sons, plus \u00e7a  va, et bient\u00f4t il nous fera du 24h d&rsquo;antenne d&rsquo;affil\u00e9e&#8230; Exclusivement  sur Klan-D.net <\/figcaption><\/figure>\n\n\n\n<hr class=\"wp-block-separator\"\/>\n\n\n\n<figure class=\"wp-block-embed-mixcloud wp-block-embed is-type-rich is-provider-mixcloud wp-embed-aspect-21-9 wp-has-aspect-ratio\"><div class=\"wp-block-embed__wrapper\">\n<iframe loading=\"lazy\" title=\"Le Monde De Snatch S02e04 On S&#039;En Balek! Part 3 Mercredi 20 F\u00e9vrier 2019\" width=\"100%\" height=\"120\" src=\"https:\/\/www.mixcloud.com\/widget\/iframe\/?feed=https%3A%2F%2Fwww.mixcloud.com%2FRadio_Klan_D%2Fle-monde-de-snatch-s02e04-on-sen-balek-part-3-mercredi-20-f%25C3%25A9vrier-2019%2F&amp;hide_cover=1\" frameborder=\"0\" allow=\"encrypted-media; fullscreen; autoplay; idle-detection; speaker-selection; web-share;\"><\/iframe>\n<\/div><figcaption> <br>Le Snatch revient pour 2H00 d&rsquo;\u00e9mission muni de 40 munitions  millim\u00e9tr\u00e9es&#8230; Du HipHop\/BeatMaking, du gros reggae et autres sons. Des  sample de film le tout orchestrer plut\u00f4t calme de la part du Snatch&#8230;  Mais toujours du lourd. <br>Le monde de Snatch \u00e0 suivre en direct tous les mercredis d\u00e8s 20H00 ! Exclusivement sur Radio Klan-D au <a rel=\"noreferrer noopener\" href=\"http:\/\/www.klan-d.net\" target=\"_blank\">www.klan-d.net<\/a> <\/figcaption><\/figure>\n\n\n\n<hr class=\"wp-block-separator\"\/>\n\n\n\n<figure class=\"wp-block-embed-mixcloud wp-block-embed is-type-rich is-provider-mixcloud wp-embed-aspect-21-9 wp-has-aspect-ratio\"><div class=\"wp-block-embed__wrapper\">\n<iframe loading=\"lazy\" title=\"Le Monde De Snatch S02e03 On S&#039;En Balek ! Part 2. Mercredi 13 F\u00e9vrier 2019\" width=\"100%\" height=\"120\" src=\"https:\/\/www.mixcloud.com\/widget\/iframe\/?feed=https%3A%2F%2Fwww.mixcloud.com%2FRadio_Klan_D%2Fle-monde-de-snatch-s02e03-on-sen-balek-part-2-mercredi-13-f%25C3%25A9vrier-2019%2F&amp;hide_cover=1\" frameborder=\"0\" allow=\"encrypted-media; fullscreen; autoplay; idle-detection; speaker-selection; web-share;\"><\/iframe>\n<\/div><figcaption> <br>Le Snatch revient sur les ondes et  vous accueille dans son monde  quelque peu particulier. Entre ses impros, ses doubles et son  cheminement musical, Le Snatch aime laissait s&rsquo;installer une pens\u00e9e et  la fracasser la seconde d&rsquo;apr\u00e8s. <br>On s&rsquo;en Balek ! Part 2. La th\u00e9matique parle d&rsquo;elle m\u00eame&#8230; Du reggae, du dub, du beatmaking, de l&rsquo;\u00e9lectro&#8230;<br>En direct, 2h20.  Le Snatch vous attend mercredi prochain&#8230; <\/figcaption><\/figure>\n\n\n\n<hr class=\"wp-block-separator\"\/>\n\n\n\n<figure class=\"wp-block-embed-mixcloud wp-block-embed is-type-rich is-provider-mixcloud wp-embed-aspect-21-9 wp-has-aspect-ratio\"><div class=\"wp-block-embed__wrapper\">\n<iframe loading=\"lazy\" title=\"Le Monde De Snatch S02e02 Retour Au Direct ! Mercredi 06 F\u00e9vrier 2019\" width=\"100%\" height=\"120\" src=\"https:\/\/www.mixcloud.com\/widget\/iframe\/?feed=https%3A%2F%2Fwww.mixcloud.com%2FRadio_Klan_D%2Fle-monde-de-snatch-s02e02-retour-au-direct-mercredi-06-f%25C3%25A9vrier-2019%2F&amp;hide_cover=1\" frameborder=\"0\" allow=\"encrypted-media; fullscreen; autoplay; idle-detection; speaker-selection; web-share;\"><\/iframe>\n<\/div><figcaption> <br>Pour la deuxi\u00e8me fois de la saison 2019 et pour la premi\u00e8re fois en  direct depuis juillet 2016, Le Snatch vous transporte de Monde en monde  au rythme de sa playlist toute droit sortie de sa psych\u00e9&#8230; A l\u2019aff\u00fbt du  moindre \u00e9cart technique d&rsquo;un point de vue mise en ondes, le micro est  possiblement bas, on s&rsquo;en excuse, mais vos oreilles vont voyager pour un  lapse de temps de 2H allant de Rod Anton et Groundation \u00e0 SenBei et  Al&rsquo;Tarba, en passant bien d&rsquo;autres artistes au sons voyageurs !  C&rsquo;est  officiel, la saison et le Snatch sont bel et bien lanc\u00e9s.<br>C&rsquo;est en exclu sur le <a rel=\"noreferrer noopener\" href=\"http:\/\/www.klan-d.net\" target=\"_blank\">www.klan-d.net<\/a>   chaque mercredi d\u00e8s 20h ou sur mixcloud \ud83d\ude42 <\/figcaption><\/figure>\n\n\n\n<hr class=\"wp-block-separator\"\/>\n\n\n\n<figure class=\"wp-block-embed-mixcloud wp-block-embed is-type-rich is-provider-mixcloud wp-embed-aspect-21-9 wp-has-aspect-ratio\"><div class=\"wp-block-embed__wrapper\">\n<iframe loading=\"lazy\" title=\"Le Monde De Snatch S02e01 - On S&#039;En Balek !\" width=\"100%\" height=\"120\" src=\"https:\/\/www.mixcloud.com\/widget\/iframe\/?feed=https%3A%2F%2Fwww.mixcloud.com%2FRadio_Klan_D%2Fle-monde-de-snatch-s02e01-on-sen-balek%2F&amp;hide_cover=1\" frameborder=\"0\" allow=\"encrypted-media; fullscreen; autoplay; idle-detection; speaker-selection; web-share;\"><\/iframe>\n<\/div><figcaption> <br>Apr\u00e8s les d\u00e9convenue technique, le Snatch revient avec 2h de nouveaut\u00e9s  toutes fra\u00eeches m\u00e9langeant Hip Hop reggae Dub \u00e0 la sauce Snatch !!!!<br>Malade  mais pas \u00e0 genoux puisque rien n&rsquo;arr\u00eate un peuple qui danse, rien  arr\u00eate une voix qui cherche \u00e0 la faire danser ! Le th\u00e8me de cette  premi\u00e8re de l&rsquo;ann\u00e9e \u00ab\u00a0On S&rsquo;en Balek\u00a0\u00bb ! C&rsquo;est dit ! <\/figcaption><\/figure>\n","protected":false},"excerpt":{"rendered":"<p>Le Monde de Snatch, tous les mercredi \u00e0 21h, c&rsquo;est le rendez-vous de la tchatche, des anti-syst\u00e8mes, de la gouaille et du bagout&#8230; Avec Snatch, le seul l&rsquo;unique, bien qu&rsquo;il ne doive pas \u00eatre&#46;&#46;&#46;<\/p>\n","protected":false},"author":1,"featured_media":0,"parent":91,"menu_order":0,"comment_status":"open","ping_status":"closed","template":"","meta":{"footnotes":""},"class_list":["post-1123","page","type-page","status-publish","hentry"],"yoast_head":"<!-- This site is optimized with the Yoast SEO plugin v27.4 - https:\/\/yoast.com\/product\/yoast-seo-wordpress\/ -->\n<title>Le Monde de Snatch-Saison 2 &#8226; Radio Klan-D<\/title>\n<meta name=\"description\" content=\"Le Monde de Snatch, tous les mercredi \u00e0 21h, c&#039;est le rendez-vous de la tchatche, des anti-syst\u00e8mes, de la gouaille et du bagout...\" \/>\n<meta name=\"robots\" content=\"index, follow, max-snippet:-1, max-image-preview:large, max-video-preview:-1\" \/>\n<link rel=\"canonical\" href=\"https:\/\/www.klan-d.net\/?page_id=1123\" \/>\n<meta property=\"og:locale\" content=\"fr_FR\" \/>\n<meta property=\"og:type\" content=\"article\" \/>\n<meta property=\"og:title\" content=\"Le Monde de Snatch - Saison 2\" \/>\n<meta property=\"og:description\" content=\"Le Monde de Snatch, tous les mercredi \u00e0 21h, c&#039;est le rendez-vous de la tchatche, des anti-syst\u00e8mes, de la gouaille et du bagout... Avec Snatch, le seul l&#039;unique, bien qu&#039;il ne doive pas \u00eatre tout seul dans sa t\u00eate.\" \/>\n<meta property=\"og:url\" content=\"https:\/\/www.klan-d.net\/?page_id=1123\" \/>\n<meta property=\"og:site_name\" content=\"Radio Klan-D\" \/>\n<meta property=\"article:publisher\" content=\"https:\/\/www.facebook.com\/radioclandestine\/\" \/>\n<meta property=\"article:modified_time\" content=\"2019-10-03T00:45:58+00:00\" \/>\n<meta property=\"og:image\" content=\"https:\/\/www.klan-d.net\/wp-content\/uploads\/2016\/09\/monde-snatch250px.jpg\" \/>\n\t<meta property=\"og:image:width\" content=\"250\" \/>\n\t<meta property=\"og:image:height\" content=\"227\" \/>\n\t<meta property=\"og:image:type\" content=\"image\/jpeg\" \/>\n<meta name=\"twitter:card\" content=\"summary_large_image\" \/>\n<meta name=\"twitter:site\" content=\"@RadioKlanD\" \/>\n<meta name=\"twitter:label1\" content=\"Dur\u00e9e de lecture estim\u00e9e\" \/>\n\t<meta name=\"twitter:data1\" content=\"3 minutes\" \/>\n<script type=\"application\/ld+json\" class=\"yoast-schema-graph\">{\"@context\":\"https:\\\/\\\/schema.org\",\"@graph\":[{\"@type\":\"WebPage\",\"@id\":\"https:\\\/\\\/www.klan-d.net\\\/?page_id=1123\",\"url\":\"https:\\\/\\\/www.klan-d.net\\\/?page_id=1123\",\"name\":\"Le Monde de Snatch-Saison 2 &#8226; Radio Klan-D\",\"isPartOf\":{\"@id\":\"https:\\\/\\\/www.klan-d.net\\\/#website\"},\"primaryImageOfPage\":{\"@id\":\"https:\\\/\\\/www.klan-d.net\\\/?page_id=1123#primaryimage\"},\"image\":{\"@id\":\"https:\\\/\\\/www.klan-d.net\\\/?page_id=1123#primaryimage\"},\"thumbnailUrl\":\"https:\\\/\\\/www.klan-d.net\\\/wp-content\\\/uploads\\\/2016\\\/09\\\/monde-snatch250px.jpg\",\"datePublished\":\"2019-03-21T03:11:56+00:00\",\"dateModified\":\"2019-10-03T00:45:58+00:00\",\"description\":\"Le Monde de Snatch, tous les mercredi \u00e0 21h, c'est le rendez-vous de la tchatche, des anti-syst\u00e8mes, de la gouaille et du bagout...\",\"breadcrumb\":{\"@id\":\"https:\\\/\\\/www.klan-d.net\\\/?page_id=1123#breadcrumb\"},\"inLanguage\":\"fr-FR\",\"potentialAction\":[{\"@type\":\"ReadAction\",\"target\":[\"https:\\\/\\\/www.klan-d.net\\\/?page_id=1123\"]}]},{\"@type\":\"ImageObject\",\"inLanguage\":\"fr-FR\",\"@id\":\"https:\\\/\\\/www.klan-d.net\\\/?page_id=1123#primaryimage\",\"url\":\"https:\\\/\\\/www.klan-d.net\\\/wp-content\\\/uploads\\\/2016\\\/09\\\/monde-snatch250px.jpg\",\"contentUrl\":\"https:\\\/\\\/www.klan-d.net\\\/wp-content\\\/uploads\\\/2016\\\/09\\\/monde-snatch250px.jpg\",\"width\":250,\"height\":227,\"caption\":\"Le Monde de Snatch\"},{\"@type\":\"BreadcrumbList\",\"@id\":\"https:\\\/\\\/www.klan-d.net\\\/?page_id=1123#breadcrumb\",\"itemListElement\":[{\"@type\":\"ListItem\",\"position\":1,\"name\":\"Accueil\",\"item\":\"https:\\\/\\\/www.klan-d.net\\\/\"},{\"@type\":\"ListItem\",\"position\":2,\"name\":\"Archives\",\"item\":\"https:\\\/\\\/www.klan-d.net\\\/?page_id=997\"},{\"@type\":\"ListItem\",\"position\":3,\"name\":\"Le Monde de Snatch\",\"item\":\"https:\\\/\\\/www.klan-d.net\\\/?page_id=91\"},{\"@type\":\"ListItem\",\"position\":4,\"name\":\"Le Monde de Snatch-Saison 2\"}]},{\"@type\":\"WebSite\",\"@id\":\"https:\\\/\\\/www.klan-d.net\\\/#website\",\"url\":\"https:\\\/\\\/www.klan-d.net\\\/\",\"name\":\"Radio Klan-D\",\"description\":\"Webradio clandestine et ind\u00e9, partout, du old school hip hop, du boom bap et des vannes pourries !\",\"publisher\":{\"@id\":\"https:\\\/\\\/www.klan-d.net\\\/#organization\"},\"potentialAction\":[{\"@type\":\"SearchAction\",\"target\":{\"@type\":\"EntryPoint\",\"urlTemplate\":\"https:\\\/\\\/www.klan-d.net\\\/?s={search_term_string}\"},\"query-input\":{\"@type\":\"PropertyValueSpecification\",\"valueRequired\":true,\"valueName\":\"search_term_string\"}}],\"inLanguage\":\"fr-FR\"},{\"@type\":\"Organization\",\"@id\":\"https:\\\/\\\/www.klan-d.net\\\/#organization\",\"name\":\"Radio Klan-D\",\"url\":\"https:\\\/\\\/www.klan-d.net\\\/\",\"logo\":{\"@type\":\"ImageObject\",\"inLanguage\":\"fr-FR\",\"@id\":\"https:\\\/\\\/www.klan-d.net\\\/#\\\/schema\\\/logo\\\/image\\\/\",\"url\":\"https:\\\/\\\/www.klan-d.net\\\/wp-content\\\/uploads\\\/cropped-kland4.jpg\",\"contentUrl\":\"https:\\\/\\\/www.klan-d.net\\\/wp-content\\\/uploads\\\/cropped-kland4.jpg\",\"width\":512,\"height\":512,\"caption\":\"Radio Klan-D\"},\"image\":{\"@id\":\"https:\\\/\\\/www.klan-d.net\\\/#\\\/schema\\\/logo\\\/image\\\/\"},\"sameAs\":[\"https:\\\/\\\/www.facebook.com\\\/radioclandestine\\\/\",\"https:\\\/\\\/x.com\\\/RadioKlanD\",\"https:\\\/\\\/www.youtube.com\\\/channel\\\/UC2QoBtfYHnl9oWoPlvmaAEg\"]}]}<\/script>\n<!-- \/ Yoast SEO plugin. -->","yoast_head_json":{"title":"Le Monde de Snatch-Saison 2 &#8226; Radio Klan-D","description":"Le Monde de Snatch, tous les mercredi \u00e0 21h, c'est le rendez-vous de la tchatche, des anti-syst\u00e8mes, de la gouaille et du bagout...","robots":{"index":"index","follow":"follow","max-snippet":"max-snippet:-1","max-image-preview":"max-image-preview:large","max-video-preview":"max-video-preview:-1"},"canonical":"https:\/\/www.klan-d.net\/?page_id=1123","og_locale":"fr_FR","og_type":"article","og_title":"Le Monde de Snatch - Saison 2","og_description":"Le Monde de Snatch, tous les mercredi \u00e0 21h, c'est le rendez-vous de la tchatche, des anti-syst\u00e8mes, de la gouaille et du bagout... Avec Snatch, le seul l'unique, bien qu'il ne doive pas \u00eatre tout seul dans sa t\u00eate.","og_url":"https:\/\/www.klan-d.net\/?page_id=1123","og_site_name":"Radio Klan-D","article_publisher":"https:\/\/www.facebook.com\/radioclandestine\/","article_modified_time":"2019-10-03T00:45:58+00:00","og_image":[{"width":250,"height":227,"url":"https:\/\/www.klan-d.net\/wp-content\/uploads\/2016\/09\/monde-snatch250px.jpg","type":"image\/jpeg"}],"twitter_card":"summary_large_image","twitter_site":"@RadioKlanD","twitter_misc":{"Dur\u00e9e de lecture estim\u00e9e":"3 minutes"},"schema":{"@context":"https:\/\/schema.org","@graph":[{"@type":"WebPage","@id":"https:\/\/www.klan-d.net\/?page_id=1123","url":"https:\/\/www.klan-d.net\/?page_id=1123","name":"Le Monde de Snatch-Saison 2 &#8226; Radio Klan-D","isPartOf":{"@id":"https:\/\/www.klan-d.net\/#website"},"primaryImageOfPage":{"@id":"https:\/\/www.klan-d.net\/?page_id=1123#primaryimage"},"image":{"@id":"https:\/\/www.klan-d.net\/?page_id=1123#primaryimage"},"thumbnailUrl":"https:\/\/www.klan-d.net\/wp-content\/uploads\/2016\/09\/monde-snatch250px.jpg","datePublished":"2019-03-21T03:11:56+00:00","dateModified":"2019-10-03T00:45:58+00:00","description":"Le Monde de Snatch, tous les mercredi \u00e0 21h, c'est le rendez-vous de la tchatche, des anti-syst\u00e8mes, de la gouaille et du bagout...","breadcrumb":{"@id":"https:\/\/www.klan-d.net\/?page_id=1123#breadcrumb"},"inLanguage":"fr-FR","potentialAction":[{"@type":"ReadAction","target":["https:\/\/www.klan-d.net\/?page_id=1123"]}]},{"@type":"ImageObject","inLanguage":"fr-FR","@id":"https:\/\/www.klan-d.net\/?page_id=1123#primaryimage","url":"https:\/\/www.klan-d.net\/wp-content\/uploads\/2016\/09\/monde-snatch250px.jpg","contentUrl":"https:\/\/www.klan-d.net\/wp-content\/uploads\/2016\/09\/monde-snatch250px.jpg","width":250,"height":227,"caption":"Le Monde de Snatch"},{"@type":"BreadcrumbList","@id":"https:\/\/www.klan-d.net\/?page_id=1123#breadcrumb","itemListElement":[{"@type":"ListItem","position":1,"name":"Accueil","item":"https:\/\/www.klan-d.net\/"},{"@type":"ListItem","position":2,"name":"Archives","item":"https:\/\/www.klan-d.net\/?page_id=997"},{"@type":"ListItem","position":3,"name":"Le Monde de Snatch","item":"https:\/\/www.klan-d.net\/?page_id=91"},{"@type":"ListItem","position":4,"name":"Le Monde de Snatch-Saison 2"}]},{"@type":"WebSite","@id":"https:\/\/www.klan-d.net\/#website","url":"https:\/\/www.klan-d.net\/","name":"Radio Klan-D","description":"Webradio clandestine et ind\u00e9, partout, du old school hip hop, du boom bap et des vannes pourries !","publisher":{"@id":"https:\/\/www.klan-d.net\/#organization"},"potentialAction":[{"@type":"SearchAction","target":{"@type":"EntryPoint","urlTemplate":"https:\/\/www.klan-d.net\/?s={search_term_string}"},"query-input":{"@type":"PropertyValueSpecification","valueRequired":true,"valueName":"search_term_string"}}],"inLanguage":"fr-FR"},{"@type":"Organization","@id":"https:\/\/www.klan-d.net\/#organization","name":"Radio Klan-D","url":"https:\/\/www.klan-d.net\/","logo":{"@type":"ImageObject","inLanguage":"fr-FR","@id":"https:\/\/www.klan-d.net\/#\/schema\/logo\/image\/","url":"https:\/\/www.klan-d.net\/wp-content\/uploads\/cropped-kland4.jpg","contentUrl":"https:\/\/www.klan-d.net\/wp-content\/uploads\/cropped-kland4.jpg","width":512,"height":512,"caption":"Radio Klan-D"},"image":{"@id":"https:\/\/www.klan-d.net\/#\/schema\/logo\/image\/"},"sameAs":["https:\/\/www.facebook.com\/radioclandestine\/","https:\/\/x.com\/RadioKlanD","https:\/\/www.youtube.com\/channel\/UC2QoBtfYHnl9oWoPlvmaAEg"]}]}},"_links":{"self":[{"href":"https:\/\/www.klan-d.net\/index.php?rest_route=\/wp\/v2\/pages\/1123","targetHints":{"allow":["GET"]}}],"collection":[{"href":"https:\/\/www.klan-d.net\/index.php?rest_route=\/wp\/v2\/pages"}],"about":[{"href":"https:\/\/www.klan-d.net\/index.php?rest_route=\/wp\/v2\/types\/page"}],"author":[{"embeddable":true,"href":"https:\/\/www.klan-d.net\/index.php?rest_route=\/wp\/v2\/users\/1"}],"replies":[{"embeddable":true,"href":"https:\/\/www.klan-d.net\/index.php?rest_route=%2Fwp%2Fv2%2Fcomments&post=1123"}],"version-history":[{"count":0,"href":"https:\/\/www.klan-d.net\/index.php?rest_route=\/wp\/v2\/pages\/1123\/revisions"}],"up":[{"embeddable":true,"href":"https:\/\/www.klan-d.net\/index.php?rest_route=\/wp\/v2\/pages\/91"}],"wp:attachment":[{"href":"https:\/\/www.klan-d.net\/index.php?rest_route=%2Fwp%2Fv2%2Fmedia&parent=1123"}],"curies":[{"name":"wp","href":"https:\/\/api.w.org\/{rel}","templated":true}]}}